lse
Does 3 divide 12013?
False
Is 3953 a multiple of 11?
False
Is 21159 a multiple of 68?
False
Is 29 a factor of 5713?
True
Does 38 divide 608?
True
Does 11 divide 676?
False
Does 164 divide 29684?
True
Is 19 a factor of 893?
True
Does 201 divide 4824?
True
Does 17 divide 24?
False
Does 35 divide 210?
True
Does 15 divide 1470?
True
Is 364 a multiple of 28?
True
Is 13112 a multiple of 49?
False
Is 73765 a multiple of 10?
False
Does 47 divide 1363?
True
Is 76 a factor of 2486?
False
Is 93 a factor of 1302?
True
Does 16 divide 1435?
False
Is 51 a factor of 4016?
False
Is 13431 a multiple of 33?
True
Is 9 a factor of 18297?
True
Does 81 divide 405?
True
Is 3053 a multiple of 71?
True
Is 1376 a multiple of 59?
False
Is 228 a multiple of 4?
True
Is 11734 a multiple of 102?
False
Is 904 a multiple of 6?
False
Is 13 a factor of 8554?
True
Is 47 a multiple of 2?
False
Is 18 a factor of 144?
True
Is 16339 a multiple of 69?
False
Is 11 a factor of 2782?
False
Does 11 divide 1017?
False
Does 67 divide 7973?
True
Is 480 a multiple of 8?
True
Is 7 a factor of 62755?
True
Is 7 a factor of 7518?
True
Is 817 a multiple of 13?
False
Is 11507 a multiple of 26?
False
Is 61208 a multiple of 14?
True
Is 1387 a multiple of 10?
False
Is 2262 a multiple of 28?
False
Does 35 divide 4690?
True
Does 7 divide 6468?
True
Does 78 divide 15522?
True
Is 23 a factor of 6555?
True
Is 7 a factor of 314?
False
Is 57800 a multiple of 10?
True
Does 12 divide 468?
True
Does 85 divide 29750?
True
Is 63 a factor of 1134?
True
Is 520 a multiple of 26?
True
Is 36 a multiple of 12?
True
Is 24 a multiple of 6?
True
Does 18 divide 1229?
False
Is 17829 a multiple of 14?
False
Is 22020 a multiple of 60?
True
Does 24 divide 2328?
True
Is 11 a factor of 2574?
True
Is 14130 a multiple of 178?
False
Is 63 a factor of 2523?
False
Is 3750 a multiple of 10?
True
Does 34 divide 501?
False
Does 140 divide 24199?
False
Is 848 a multiple of 47?
False
Does 31 divide 7355?
False
Is 13136 a multiple of 16?
True
Does 63 divide 1024?
False
Does 34 divide 101091?
False
Is 110085 a multiple of 41?
True
Does 154 divide 12936?
True
Is 105 a factor of 5141?
False
Does 82 divide 236?
False
Is 2676 a multiple of 3?
True
Is 11 a factor of 1279?
False
Does 36 divide 2628?
True
Is 2 a factor of 646?
True
Does 4 divide 297?
False
Does 3 divide 2728?
False
Does 63 divide 252?
True
Does 168 divide 17130?
False
Is 43 a factor of 13158?
True
Is 19 a factor of 3496?
True
Is 7758 a multiple of 42?
False
Is 103465 a multiple of 39?
False
Is 54 a factor of 4806?
True
Is 18 a factor of 48362?
False
Does 3 divide 273?
True
Does 88 divide 4166?
False
Is 58 a factor of 43268?
True
Does 15 divide 29303?
False
Is 162 a factor of 2916?
True
Is 20278 a multiple of 37?
False
Is 4 a factor of 148?
True
Is 21 a factor of 715?
False
Does 12 divide 182?
False
Is 26035 a multiple of 205?
True
Is 89 a factor of 9367?
False
Is 20 a factor of 12001?
False
Is 12798 a multiple of 81?
True
Does 39 divide 156?
True
Is 4286 a multiple of 134?
False
Is 1119 a multiple of 81?
False
Does 22 divide 58476?
True
Is 69 a factor of 3884?
False
Does 40 divide 440?
True
Is 4268 a multiple of 44?
True
Does 19 divide 23106?
False
Is 125 a multiple of 8?
False
Does 41 divide 3239?
True
Is 159 a factor of 52788?
True
Is 6 a factor of 228?
True
Does 35 divide 2835?
True
Does 6 divide 117?
False
Does 4 divide 19033?
False
Is 70102 a multiple of 5?
False
Is 476 a multiple of 3?
False
Is 3396 a multiple of 4?
True
Is 343 a multiple of 35?
False
Does 45 divide 180?
True
Does 40 divide 9840?
True
Is 79 a factor of 2146?
False
Is 8025 a multiple of 15?
True
Is 26 a factor of 87672?
True
Is 1159 a multiple of 2?
False
Does 2 divide 219?
False
Does 217 divide 42315?
True
Is 38 a factor of 1938?
True
Does 26 divide 173?
False
Does 2 divide 2801?
False
Is 1323 a multiple of 9?
True
Is 99 a factor of 6930?
True
Does 6 divide 81?
False
Does 44 divide 1836?
False
Does 12 divide 2922?
False
Is 260 a multiple of 20?
True
Is 1056 a multiple of 6?
True
Is 84 a factor of 5208?
True
Is 770 a multiple of 14?
True
Is 2680 a multiple of 134?
True
Does 28 divide 1596?
True
Is 1003 a multiple of 98?
False
Is 364 a multiple of 13?
True
Does 16 divide 13600?
True
Is 9030 a multiple of 35?
True
Does 5 divide 2310?
True
Does 24 divide 792?
True
Is 36 a factor of 936?
True
Is 178 a multiple of 15?
False
Does 26 divide 2236?
True
Is 7 a factor of 5838?
True
Is 34 a factor of 4557?
False
Is 82 a factor of 6970?
True
Is 23296 a multiple of 13?
True
Is 429 a multiple of 39?
True
Is 10 a factor of 488?
False
Does 17 divide 5147?
False
Does 73 divide 1095?
True
Is 5623 a multiple of 23?
False
Is 28560 a multiple of 345?
False
Is 76 a factor of 1672?
True
Does 7 divide 5936?
True
Does 121 divide 847?
True
Does 11 divide 682?
True
Does 59 divide 5892?
False
Is 16 a factor of 13552?
True
Is 19 a factor of 1520?
True
Does 13 divide 1683?
False
Is 15942 a multiple of 6?
True
Is 47 a factor of 893?
True
Is 12 a factor of 103971?
False
Is 1294 a multiple of 34?
False
Does 4 divide 129?
False
Does 28 divide 11999?
False
Does 21 divide 186?
False
Is 568 a multiple of 8?
True
Does 45 divide 1305?
True
Is 117 a factor of 29923?
False
Is 807 a multiple of 2?
False
Is 58 a multiple of 7?
False
Does 13 divide 73281?
True
Is 9 a factor of 396?
True
Does 24 divide 1424?
False
Does 35 divide 1023?
False
Does 20 divide 3660?
True
Does 35 divide 7984?
False
Is 44 a factor of 11132?
True
Is 18 a factor of 4068?
True
Is 9 a factor of 29924?
False
Does 15 divide 157?
False
Is 3355 a multiple of 61?
True
Is 3259 a multiple of 29?
False
Is 64 a factor of 60032?
True
Is 114 a multiple of 7?
False
Does 5 divide 186?
False
Is 21 a factor of 2253?
False
Does 9 divide 198?
True
Does 26 divide 442?
True
Does 137 divide 20687?
True
Is 8816 a multiple of 19?
True
Is 32 a factor of 3900?
False
Is 15 a factor of 150?
True
Does 64 divide 19852?
False
Is 647 a multiple of 31?
False
Does 43 divide 12083?
True
Is 68110 a multiple of 346?
False
Is 65 a factor of 7015?
False
Is 11 a factor of 8712?
True
Is 144 a factor of 32183?
False
Is 29 a multiple of 29?
True
Is 4289 a multiple of 24?
False
Is 1009 a multiple of 102?
False
Is 176 a factor of 26048?
True
Is 82835 a multiple of 71?
False
Is 174 a factor of 91902?
False
Does 16 divide 988?
False
Is 109 a multiple of 8?
False
Does 34 divide 3230?
True
Is 2472 a multiple of 6?
True
Is 5264 a multiple of 16?
True
Is 49 a factor of 9779?
False
Is 119 a factor of 7497?
True
Is 3570 a multiple of 35?
True
Is 2481 a multiple of 10?
False
Is 17 a factor of 340?
True
Does 22 divide 506?
True
Is 7370 a multiple of 55?
True
Does 12 divide 780?
True
Is 16 a factor of 5134?
False
Does 7 divide 40178?
False
Is 3 a factor of 1767?
True
Is 26 a factor of 12844?
True
Is 67522 a multiple of 13?
True
Is 91 a factor of 10556?
True
Does 23 divide 276?
True
Is 23 a factor of 1035?
True
Is 2016 a multiple of 24?
True
Is 32682 a multiple of 7?
False
Is 18 a factor of 3384?
True
Is 8378 a multiple of 16?
False
Does 158 divide 9638?
True
Is 11 a factor of 20773?
False
Is 288 a multiple of 12?
True
Is 234 a multiple of 18?
True
Is 36 a factor of 72?
True
Is 4 a factor of 3708?
True
Is 22477 a multiple of 133?
True
Does 4 divide 1051?
False
Is 10659 a multiple of 91?
False
Is 38227 a multiple of 12?
False
Does 24 divide 381?
False
Is 11 a factor of 847?
True
Is 168 a multiple of 56?
True
Is 154 a multiple of 11?
True
Is 126 a factor of 1638?
True
Is 103 a factor of 1751?
True
Does 126 divide 2394?
True
Is 33 a factor of 924?
True
Is 115 a factor of 26212?
False
Is 6 a factor of 294?
True
Does 141 divide 64860?
True
Is 22 a factor of 40522?
False
Does 151 divide 7874?
False
Is 3308 even?
True
Is 34 a factor of 2346?
True
Is 6926 a multiple of 34?
False
Does 19 divide 440?
False
Is 1628 a multiple of 74?
True
Is 21 a factor of 76314?
True
Does 4 divide 66?
False
Is 61 a factor of 854?
True
Is 3000 a multiple of 60?
True
Does 2 divide 97?
False
Is 76 a multiple of 19?
True
Does 26 divide 30940?
True
Is 5 a factor of 658?
False
Is 638 a multiple of 29?
True
Does 99 divide 990?
True
Does 11 divide 16868?
False
Is 40887 a multiple of 231?
True
Does 53 divide 5936?
True
Is 28 a factor of 2507?
False
Is 897 a mult